actors of 84291?
3, 28097
List the prime factors of 2664.
2, 3, 37
List the prime factors of 6536.
2, 19, 43
List the prime factors of 8051.
83, 97
List the prime factors of 3247.
17, 191
List the prime factors of 3483.
3, 43
List the prime factors of 63369.
3, 2347
What are the prime factors of 14562?
2, 3, 809
List the prime factors of 2308.
2, 577
List the prime factors of 9385.
5, 1877
What are the prime factors of 2602?
2, 1301
What are the prime factors of 4764?
2, 3, 397
List the prime factors of 7566.
2, 3, 13, 97
List the prime factors of 5243.
7, 107
List the prime factors of 109984.
2, 7, 491
List the prime factors of 190.
2, 5, 19
List the prime factors of 3537.
3, 131
List the prime factors of 77540.
2, 5, 3877
What are the prime factors of 2270?
2, 5, 227
What are the prime factors of 64478?
2, 103, 313
List the prime factors of 62687.
62687
List the prime factors of 5652.
2, 3, 157
List the prime factors of 17907.
3, 47, 127
What are the prime factors of 14629?
14629
What are the prime factors of 241?
241
List the prime factors of 7666.
2, 3833
What are the prime factors of 88002?
2, 3, 4889
List the prime factors of 60428.
2, 15107
List the prime factors of 2535.
3, 5, 13
List the prime factors of 51610.
2, 5, 13, 397
What are the prime factors of 1205?
5, 241
What are the prime factors of 57782?
2, 167, 173
What are the prime factors of 26290?
2, 5, 11, 239
What are the prime factors of 164062?
2, 82031
What are the prime factors of 980?
2, 5, 7
List the prime factors of 4768.
2, 149
List the prime factors of 20279.
7, 2897
What are the prime factors of 110299?
7, 2251
List the prime factors of 6097.
7, 13, 67
List the prime factors of 74.
2, 37
List the prime factors of 4294.
2, 19, 113
List the prime factors of 41447.
7, 31, 191
What are the prime factors of 1677?
3, 13, 43
List the prime factors of 8793.
3, 977
What are the prime factors of 615?
3, 5, 41
What are the prime factors of 4748?
2, 1187
What are the prime factors of 1360?
2, 5, 17
What are the prime factors of 6247?
6247
List the prime factors of 865.
5, 173
List the prime factors of 79584.
2, 3, 829
What are the prime factors of 962?
2, 13, 37
What are the prime factors of 16715?
5, 3343
List the prime factors of 1482.
2, 3, 13, 19
List the prime factors of 23620.
2, 5, 1181
What are the prime factors of 1057?
7, 151
List the prime factors of 12282.
2, 3, 23, 89
List the prime factors of 3741.
3, 29, 43
List the prime factors of 1348.
2, 337
List the prime factors of 13537.
13537
What are the prime factors of 2351?
2351
What are the prime factors of 54563?
54563
List the prime factors of 21228.
2, 3, 29, 61
What are the prime factors of 9478?
2, 7, 677
What are the prime factors of 58433?
71, 823
List the prime factors of 294.
2, 3, 7
List the prime factors of 1932.
2, 3, 7, 23
What are the prime factors of 9818?
2, 4909
List the prime factors of 18023.
67, 269
What are the prime factors of 8311?
8311
List the prime factors of 64.
2
List the prime factors of 13497.
3, 11, 409
What are the prime factors of 110237?
110237
List the prime factors of 3127.
53, 59
List the prime factors of 5967.
3, 13, 17
What are the prime factors of 59758?
2, 29879
What are the prime factors of 3522?
2, 3, 587
List the prime factors of 1007.
19, 53
What are the prime factors of 17630?
2, 5, 41, 43
List the prime factors of 39841.
39841
List the prime factors of 1000.
2, 5
List the prime factors of 3973.
29, 137
What are the prime factors of 36865?
5, 73, 101
What are the prime factors of 849?
3, 283
List the prime factors of 2256.
2, 3, 47
What are the prime factors of 4539?
3, 17, 89
What are the prime factors of 1939?
7, 277
List the prime factors of 573.
3, 191
List the prime factors of 6643.
7, 13, 73
List the prime factors of 5109.
3, 13, 131
What are the prime factors of 36148?
2, 7, 1291
What are the prime factors of 12019?
7, 17, 101
What are the prime factors of 186?
2, 3, 31
What are the prime factors of 19282?
2, 31, 311
What are the prime factors of 192174?
2, 3, 32029
What are the prime factors of 38397?
3, 12799
List the prime factors of 3176.
2, 397
What are the prime factors of 1766?
2, 883
List the prime factors of 373.
373
List the prime factors of 73.
73
What are the prime factors of 2076?
2, 3, 173
What are the prime factors of 1195?
5, 239
What are the prime factors of 1250?
2, 5
List the prime factors of 35373.
3, 13, 907
List the prime factors of 9049.
9049
What are the prime factors of 4096?
2
What are the prime factors of 227?
227
What are the prime factors of 245?
5, 7
List the prime factors of 22540.
2, 5, 7, 23
List the prime factors of 3872.
2, 11
What are the prime factors of 118133?
17, 6949
List the prime factors of 13835.
5, 2767
What are the prime factors of 12797?
67, 191
What are the prime factors of 570?
2, 3, 5, 19
What are the prime factors of 692?
2, 173
List the prime factors of 3516.
2, 3, 293
What are the prime factors of 31568?
2, 1973
What are the prime factors of 1775?
5, 71
List the prime factors of 3158.
2, 1579
List the prime factors of 20728.
2, 2591
What are the prime factors of 95876?
2, 11, 2179
What are the prime factors of 1095?
3, 5, 73
List the prime factors of 1253.
7, 179
List the prime factors of 10356.
2, 3, 863
What are the prime factors of 2720?
2, 5, 17
List the prime factors of 34997.
79, 443
What are the prime factors of 39095?
5, 7, 1117
What are the prime factors of 1011?
3, 337
What are the prime factors of 2282?
2, 7, 163
What are the prime factors of 33320?
2, 5, 7, 17
List the prime factors of 25209.
3, 2801
What are the prime factors of 925?
5, 37
What are the prime factors of 1685?
5, 337
What are the prime factors of 25085?
5, 29, 173
List the prime factors of 343.
7
What are the prime factors of 24672?
2, 3, 257
What are the prime factors of 485?
5, 97
List the prime factors of 12876.
2, 3, 29, 37
What are the prime factors of 141076?
2, 13, 2713
List the prime factors of 663.
3, 13, 17
List the prime factors of 91.
7, 13
List the prime factors of 334.
2, 167
What are the prime factors of 37979?
163, 233
List the prime factors of 4873.
11, 443
What are the prime factors of 11136?
2, 3, 29
What are the prime factors of 28245?
3, 5, 7, 269
What are the prime factors of 2279?
43, 53
What are the prime factors of 36790?
2, 5, 13, 283
What are the prime factors of 6253?
13, 37
What are the prime factors of 3228?
2, 3, 269
List the prime factors of 98823.
3, 32941
What are the prime factors of 4518?
2, 3, 251
List the prime factors of 2081.
2081
What are the prime factors of 56554?
2, 28277
List the prime factors of 16557.
3, 5519
What are the prime factors of 3110?
2, 5, 311
List the prime factors of 538.
2, 269
List the prime factors of 1451.
1451
What are the prime factors of 50001?
3, 7, 2381
List the prime factors of 1003.
17, 59
List the prime factors of 13.
13
What are the prime factors of 1136?
2, 71
What are the prime factors of 1130?
2, 5, 113
What are the prime factors of 14246?
2, 17, 419
What are the prime factors of 653?
653
List the prime factors of 657.
3, 73
List the prime factors of 13876.
2, 3469
List the prime factors of 103872.
2, 3, 541
What are the prime factors of 6754?
2, 11, 307
List the prime factors of 28121.
61, 461
List the prime factors of 1324.
2, 331
List the prime factors of 3476.
2, 11, 79
What are the prime factors of 17920?
2, 5, 7
List the prime factors of 42019.
42019
What are the prime factors of 3522?
2, 3, 587
List the prime factors of 2677.
2677
List the prime factors of 4424.
2, 7, 79
List the prime factors of 20911.
11, 1901
What are the prime factors of 13447?
7, 17, 113
List the prime factors of 1274.
2, 7, 13
List the prime factors of 42951.
3, 103, 139
What are the prime factors of 2889?
3, 107
What are the prime factors of 2179?
2179
List the prime factors of 15257.
11, 19, 73
What are the prime factors of 9200?
2, 5, 23
List the prime factors of 30430.
2, 5, 17, 179
List the prime factors of 565.
5, 113
List the prime factors of 1030.
2, 5, 103
What are the prime factors of 5268?
2, 3, 439
List the prime factors of 13659.
3, 29, 157
What are the prime factors of 2859?
3, 953
List the prime factors of 1350.
2, 3, 5
List the prime factors of 17353.
7, 37, 67
Wh